the remainder when s is divided by 18.
15
Suppose 5*h = 4*f + 105, -6*h + 2*h + 58 = 2*f. Let d = -6 + 4. Calculate the remainder when h is divided by (-6)/(1/d*2).
5
Let z(c) = -c**2 - 10*c - 11. Calculate the remainder when 19 is divided by z(-8).
4
Let d be (-3)/6*-3*2. Let q = 4 + d. Calculate the remainder when 12 is divided by q.
5
Suppose -5*a = -4*a + 2*q - 21, -3*q = 4*a - 74. Suppose 2*w - 5*w = -45. Let g = -9 + w. What is the remainder when a is divided by g?
5
Let d(r) = r**3 + 8*r**2 - 25*r - 25. Calculate the remainder when 123 is divided by d(-10).
23
Suppose -4*i - 27 = -5*w, 4*w - w - 4*i = 21. Let r = 2 - 11. Let h = r - -13. Calculate the remainder when h is divided by w.
1
Let d(b) = -5*b - 2. Let y be d(-1). Suppose -76 = -4*s + 4*r, -y*s + 115 = 2*s + 5*r. What is the remainder when 41 is divided by s?
20
Suppose -92 = -2*n - 2*n. Let u = -15 + n. Let m(g) = g**3 - 10*g**2 + 20*g - 18. What is the remainder when m(8) is divided by u?
6
Suppose -3*z - 3*s = -8*z + 820, 0 = 2*z + 3*s - 349. Calculate the remainder when z is divided by 24.
23
Suppose -61 = -6*i + 77. Let h(a) = 2*a**3 - 3*a**2 - 5*a + 6. Calculate the remainder when h(4) is divided by i.
20
Let m = -20 - -35. What is the remainder when 26 is divided by m?
11
Let b(d) = 4*d**3 - 3*d**2 + 2*d - 3. Suppose 0*m = -4*m + 8. Calculate the remainder when b(m) is divided by 6.
3
Suppose 4*z = -z + o - 5, 4*z + 2*o - 10 = 0. Suppose 3*q + z*y + 4*y - 137 = 0, 3*q - 4*y = 121. Calculate the remainder when q is divided by (-1)/(-2) + 29/2.
13
Let z(n) = 3*n**2 + n - 2. Let t be z(-2). Let l = t + 29. What is the remainder when l is divided by 13?
11
Suppose 0 = 3*p - 72 - 54. Calculate the remainder when p is divided by 15.
12
Suppose b - 5*v = 8, -b = -0*b - 3*v + 2. Let a = 51 + b. What is the remainder when a is divided by 9?
7
Let r = 0 - -4. Suppose -r*t + 58 = 14. What is the remainder when 21 is divided by t?
10
Suppose -1 = -2*j + 1. Suppose 2*c - 4 = 6. Calculate the remainder when ((-3)/j)/3 - -14 is divided by c.
3
Let r(z) = z**3 + z**2 + 3*z + 2. Calculate the remainder when r(0) is divided by 1.
0
Calculate the remainder when 113 is divided by 2 + (-4)/1 + 21.
18
Let b(y) be the first derivative of 5*y**2/2 + 3*y + 1. Calculate the remainder when b(8) is divided by 15.
13
Suppose 5*u - 2*u = 15. Suppose c - 14 = -m, -c - m = -u*m + 6. What is the remainder when c is divided by 8*(14/8 + -1)?
4
Let j(c) = c**2 - 8*c - 11. What is the remainder when 64 is divided by j(11)?
20
Let w be ((-5)/(-2))/5*0. Suppose 3*k - 2*r - 88 = w, 0 = -6*r + 2*r - 8. Calculate the remainder when k is divided by 10.
8
Let s(b) = b**3 - 2*b**2 - 19*b + 1. What is the remainder when 185 is divided by s(6)?
30
Calculate the remainder when 4 + -3 + -1 + 72 is divided by 15.
12
Suppose t + 12 = -2. Calculate the remainder when 42 is divided by -1 - (t + 0 - 2).
12
Let z(h) = h**3 + 6*h**2 + 5*h - 4. Let o be 30/(-9)*6/5. Calculate the remainder when z(o) is divided by 3.
2
Let s = 11 + -4. Suppose -4 = n - s. Suppose -k = k + 4*r - 12, -4*r - 36 = -4*k. Calculate the remainder when k is divided by n.
2
Let u be -1*(-1 + 0)*-1. Let v(x) = -7*x + 1. Calculate the remainder when 31 is divided by v(u).
7
Suppose 5*h = -5*n + 345, -61 = -2*n + n - 3*h. What is the remainder when n is divided by (-93)/(-5) + 6/15?
16
Let d = 8 + -6. Suppose d*r = 3*w + 6, -2*w - 5 + 13 = 0. Calculate the remainder when (34/4)/(2/4) is divided by r.
8
Let q = -18 + 24. Suppose 5*b - 106 = -1. What is the remainder when b is divided by q?
3
Suppose -140 = -5*l - 0*l. Calculate the remainder when 51 is divided by l.
23
Calculate the remainder when 22 is divided by 5 - (-2 + -4)/(0 - -2).
6
Let x(o) be the second derivative of 3*o**3/2 - o. Suppose j + 10 = 3*j. Calculate the remainder when x(1) is divided by j.
4
Let b(i) = i**2 + 7*i + 3. Let h be b(-7). Let r(g) = 13*g + 2. Let s be r(3). Suppose h*n - 52 = s. Calculate the remainder when n is divided by 11.
9
Let b(l) = l + 6. What is the remainder when b(0) is divided by 4?
2
Let n = 475 - 321. Suppose 3*m + 2*m = -4*q + n, 8 = 4*m. Suppose -4*l = -8 - q. What is the remainder when 31 is divided by l?
9
Let o = -15 - 61. Let v = -24 - o. What is the remainder when v is divided by 18?
16
Suppose -33 = -2*x + 3. Suppose -2*s = -5*s - u + 54, 0 = s - u - x. What is the remainder when 34 is divided by s?
16
Calculate the remainder when 23 is divided by -1 + (0 - -3) + 11.
10
Let f = 4 + 7. Let x(z) = z**2 - 4 - 10 - 3*z + 0*z - 6*z. What is the remainder when 15 is divided by x(f)?
7
Let d(a) = 9*a**2 - 2*a + 2. Let l = 51 - 34. Calculate the remainder when l is divided by d(1).
8
Let f = -54 - -75. Calculate the remainder when 61 is divided by 0 - (-2)/(2/f).
19
Let y(g) = -2 + 4 - 3*g - g + g**2 + 8*g. What is the remainder when 13 is divided by y(-5)?
6
Let n be (6/15)/((-2)/(-60)). Calculate the remainder when 26 is divided by 8/n*(23 - 2).
12
Let k(h) = -h + 2. Let w be k(2). Suppose w = 2*f + 3 - 11. Calculate the remainder when f is divided by 3.
1
Calculate the remainder when 21 is divided by 4 - (-3 - (2 - 1)).
5
Let b = 231 - 4. What is the remainder when b is divided by 57?
56
Let d be 12/4 - 3/(-1). Suppose d*p - p = 145. Calculate the remainder when p is divided by 16.
13
Let z = -17 - -5. Let g = z - -15. Calculate the remainder when 7 is divided by g.
1
Suppose 10 = -3*w - 2, -w - 18 = -2*l. Let g(y) = y**3 + 5*y**2 + 4*y + 3. Let q be g(-4). What is the remainder when 59/q + 2/6 is divided by l?
6
Let t = 31 - 25. Calculate the remainder when 28 is divided by t.
4
Let m = 59 - 45. Let h be 150/((2 + 0)/2). Suppose 0 = -3*v + 4*i + h, 3*v - 207 = -v + 3*i. What is the remainder when v is divided by m?
12
Let t(i) be the second derivative of i**3/3 + i**2 - i. Let h be t(-6). What is the remainder when (-6)/h + (-244)/(-10) is divided by 13?
12
Let t(l) = l**3 + 10*l**2 - 7*l + 9. What is the remainder when t(-10) is divided by 23?
10
Suppose -5*r + 29 = 4. Suppose 0 = -4*b, 46 = r*t - 2*b - 124. Let d(h) = -2*h**2 + 21*h + 2. What is the remainder when t is divided by d(10)?
10
What is the remainder when (8/6)/(12/342) is divided by 8?
6
Suppose -2*s = 4*s - 222. Let a = -20 + s. Calculate the remainder when 49 is divided by a.
15
Suppose 0 = -5*t - 31 - 29. Let i be -4*(-3)/(t/(-14)). Suppose i = x - 17. Calculate the remainder when x is divided by 8.
7
Let h = -3 - -8. Let a(z) = z**3 - 4*z**2 - 2*z + 5. Let m be a(h). Let g = -9 + m. Calculate the remainder when 31 is divided by g.
9
Suppose -3*f = -0*f - 6. Suppose 0 = 4*y - f - 326. What is the remainder when y is divided by 21?
19
Suppose 148 - 8 = 4*t. Let v be 2/(-8) + 193/4. Suppose 2*u + v = 6*u. Calculate the remainder when t is divided by u.
11
Calculate the remainder when (-3*19 + -4)/(-1) is divided by 16.
13
Suppose 681 = 5*p + 206. Suppose 5 = -l, -4*k + 0*l - l = -p. Calculate the remainder when 1*-1 + 2025/27 is divided by k.
24
Let r = 111 - 45. Calculate the remainder when 193 is divided by r.
61
Suppose 41 = a - k - 4*k, 2*k - 164 = -4*a. Calculate the remainder when a is divided by 14.
13
Suppose 6 = -3*q, 3*u + 3*q + 13 = 1. Let i(n) = n**2 - 1. Calculate the remainder when i(u) is divided by 2.
1
Suppose -45 = -x + 2*f, -4*x - 3*f = -153 - 27. Calculate the remainder when x is divided by 26.
19
Suppose 4*l - 3*j = -7*j + 20, -34 = -5*l + 4*j. Suppose 43 = 4*n + 5*y + 3, 3*y - 30 = -3*n. What is the remainder when n is divided by l?
4
Let f be (-1)/(-5) - 2/10. Let u(m) be the first derivative of -m**4/4 + 3*m + 7. Calculate the remainder when u(f) is divided by 2.
1
Let b(h) = -h**3 - 6*h**2 - h + 5. Let d be b(-4). Let c = d + 25. Calculate the remainder when 4 is divided by c.
0
Suppose -251 - 104 = 5*x. Let u = 136 + x. What is the remainder when u is divided by 17?
14
Let o = -19 + 21. What is the remainder when 6 is divided by o?
0
Let m(i) = -i**3 + 3*i**2 + 5*i - 1. Let k be (4/12)/((-2)/(-24)). Let w be m(k). Suppose 6*j - w*j = 51. What is the remainder when j is divided by 6?
5
Let y = -16 + 33. Let c = 83 + -73. What is the remainder when y is divided by c?
7
Let g = 1 + -6. Suppose v - 71 = -5*y - 3*v, 0 = y + 4*v - 11. What is the remainder when g - 